ide 11415985?
True
Is 16 a factor of 577400443?
False
Is 6822153 a multiple of 26?
False
Is 19065990 a multiple of 570?
False
Does 11 divide 4290142017?
False
Is 279173881 a multiple of 1015?
False
Is 62747033 a multiple of 447?
False
Does 30 divide 42230220?
True
Is 327419388 a multiple of 12?
True
Is 22 a factor of 22288122?
False
Does 9 divide 159456861?
True
Does 56 divide 5278631819?
False
Is 2970 a factor of 172697618?
False
Is 162 a factor of 10260767?
False
Is 7643 a factor of 126720940?
True
Is 17 a factor of 5814305?
False
Is 6337 a factor of 343132127?
False
Is 102447180 a multiple of 405?
True
Is 169 a factor of 13342043?
True
Is 2492296877 a multiple of 917?
True
Is 4674560 a multiple of 83?
True
Is 900417630 a multiple of 1085?
True
Is 18924983 a multiple of 5?
False
Does 7 divide 184272830?
True
Does 180 divide 182211120?
True
Is 13 a factor of 125218080?
True
Is 95287379 a multiple of 1153?
True
Is 8 a factor of 90370024?
True
Is 214834522 a multiple of 967?
True
Does 1465 divide 692410275?
True
Is 2203 a factor of 12029494?
False
Is 429 a factor of 1685748?
False
Is 157390869 a multiple of 74?
False
Is 2070 a factor of 208171620?
True
Is 819 a factor of 83720637?
True
Does 41 divide 82948565?
False
Is 522 a factor of 80704878?
False
Is 3272974 a multiple of 119?
False
Does 3757 divide 4774325?
False
Is 632 a factor of 426650429?
False
Does 203 divide 3377108?
True
Is 26 a factor of 316931888?
True
Does 30 divide 11112011?
False
Does 182 divide 937474902?
True
Is 1268 a factor of 46971792?
True
Is 32 a factor of 9421792?
True
Is 344108896 a multiple of 8368?
True
Does 29 divide 11600725?
True
Is 3463435260 a multiple of 108?
True
Is 32292443 a multiple of 2047?
False
Is 53905618 a multiple of 93?
False
Is 1563 a factor of 244074157?
False
Is 2701 a factor of 248932263?
True
Is 1020 a factor of 4374275100?
True
Does 130 divide 781989277?
False
Is 51734150 a multiple of 4?
False
Is 964291835 a multiple of 1229?
True
Does 20 divide 122289698?
False
Is 341832627 a multiple of 701?
False
Is 209000271 a multiple of 3?
True
Is 7978650017 a multiple of 31?
True
Is 9459343 a multiple of 324?
False
Is 68707980 a multiple of 44?
True
Is 20839370 a multiple of 56?
False
Is 5060 a factor of 117467028?
False
Is 166 a factor of 409557690?
True
Does 74 divide 650117084?
True
Does 633 divide 5705958216?
True
Does 64 divide 20251648?
True
Is 689036001 a multiple of 165?
False
Is 4633526 a multiple of 56?
False
Is 646040721 a multiple of 8?
False
Is 95 a factor of 41178320?
True
Is 6 a factor of 6480986?
False
Is 7276 a factor of 994323608?
True
Does 13 divide 171764528?
True
Is 163 a factor of 89282090?
False
Is 32 a factor of 365595506?
False
Is 13 a factor of 10833095?
True
Is 20 a factor of 74009641?
False
Is 26 a factor of 22922302?
True
Is 70 a factor of 160649790?
True
Is 76424546 a multiple of 69?
False
Is 48611547 a multiple of 70?
False
Does 83 divide 121249231?
False
Is 81918779 a multiple of 1287?
False
Is 741330416 a multiple of 251?
False
Is 21495494 a multiple of 639?
False
Is 5840491688 a multiple of 1256?
True
Does 4 divide 444518133?
False
Is 35 a factor of 115109068?
False
Is 15 a factor of 25059810?
True
Is 221 a factor of 827777821?
True
Is 129 a factor of 352444360?
False
Does 31 divide 573909511?
False
Is 173 a factor of 819126282?
True
Does 184 divide 80073120?
True
Is 32 a factor of 38297651?
False
Is 383 a factor of 53020683?
False
Does 58 divide 1407544011?
False
Is 46 a factor of 319815782?
True
Is 129016980 a multiple of 3165?
False
Is 16188192 a multiple of 18?
True
Does 9 divide 19719774?
True
Does 101 divide 3835084179?
False
Is 19 a factor of 29528850?
True
Is 10 a factor of 31850198?
False
Is 13 a factor of 403225147?
True
Does 22 divide 16552910?
True
Does 400 divide 137068819?
False
Is 22 a factor of 297634458?
True
Is 274910953 a multiple of 2803?
False
Is 6823 a factor of 217960735?
True
Does 560 divide 789313840?
True
Is 660 a factor of 4377211740?
True
Does 712 divide 19184128?
True
Is 86065632 a multiple of 4?
True
Does 11 divide 132791556?
False
Is 73969675 a multiple of 79?
True
Is 1869722812 a multiple of 5?
False
Does 19 divide 33318438?
True
Is 116 a factor of 200777632?
False
Is 2795 a factor of 90105210?
True
Is 98360964 a multiple of 11?
False
Does 1747 divide 2059225587?
True
Is 1269 a factor of 43431133?
False
Is 19 a factor of 898234860?
False
Is 20 a factor of 23964400?
True
Does 7 divide 7210434?
True
Is 2294774987 a multiple of 1681?
False
Is 5 a factor of 28252475?
True
Is 30939944 a multiple of 2276?
True
Is 132 a factor of 267383028?
True
Is 916 a factor of 396082512?
False
Is 212 a factor of 1939080?
False
Does 141 divide 1030482148?
False
Is 18288247 a multiple of 13?
False
Does 111 divide 545232?
True
Is 4 a factor of 1422744?
True
Does 25 divide 309607350?
True
Is 3088626 a multiple of 6?
True
Does 21 divide 223702689?
True
Is 321 a factor of 7055044?
False
Does 29 divide 207952620?
True
Is 420 a factor of 8725500?
True
Is 164 a factor of 922748460?
True
Is 99316900 a multiple of 318?
False
Is 637 a factor of 886749864?
True
Is 1253588436 a multiple of 159?
True
Is 232 a factor of 776803048?
True
Is 21520125 a multiple of 78?
False
Does 45 divide 38020185?
True
Is 70526832 a multiple of 37?
False
Is 62 a factor of 65414180?
False
Does 23 divide 5225209?
True
Is 1420405844 a multiple of 2678?
True
Is 98388251 a multiple of 186?
False
Does 243 divide 1154501?
False
Does 128 divide 4798791936?
True
Is 339371194 a multiple of 274?
True
Is 9369 a factor of 4726046221?
False
Does 25 divide 2657699705?
False
Is 1284879700 a multiple of 5135?
True
Does 1425 divide 21603000?
True
Does 69 divide 109228725?
True
Is 488 a factor of 1084533640?
True
Does 2532 divide 163136760?
True
Does 174 divide 2713218?
False
Does 278 divide 26342168?
True
Does 14 divide 13542397?
False
Does 3297 divide 167088663?
True
Is 69056527 a multiple of 69?
False
Is 81344235 a multiple of 595?
True
Does 123 divide 9991044?
True
Is 147736680 a multiple of 1304?
True
Is 924010 a multiple of 3?
False
Is 243 a factor of 1573425?
True
Is 347261888 a multiple of 197?
False
Does 44 divide 21714880?
True
Is 359473750 a multiple of 1250?
True
Is 1225 a factor of 738768780?
False
Is 15 a factor of 56146622?
False
Does 633 divide 6575406789?
False
Does 8 divide 362931?
False
Does 419 divide 1352185899?
False
Does 1516 divide 3514003745?
False
Is 346521931 a multiple of 60?
False
Does 2199 divide 49151271?
False
Does 2988 divide 2337560353?
False
Does 407 divide 80113880?
True
Does 7831 divide 30078871?
True
Is 2 a factor of 9008370?
True
Is 1943 a factor of 153864260?
False
Is 3170435072 a multiple of 61?
False
Is 12 a factor of 163523148?
True
Is 315 a factor of 243054079?
False
Is 212529984 a multiple of 16?
True
Is 28539221 a multiple of 92?
False
Is 1247461548 a multiple of 6?
True
Does 2500 divide 44116114?
False
Is 70 a factor of 52672690?
True
Does 312 divide 22190793?
False
Does 62 divide 19610600?
True
Does 21 divide 120660830?
False
Does 1302 divide 313418742?
True
Does 109 divide 318926697?
True
Does 1085 divide 4428970?
True
Does 27 divide 6074298?
True
Is 6 a factor of 1581564617?
False
Does 3 divide 24707265?
True
Does 78 divide 265551042?
False
Is 340 a factor of 205840655?
False
Is 61293464 a multiple of 4?
True
Is 6680035 a multiple of 355?
True
Is 75563404 a multiple of 7?
True
Does 5 divide 7613670?
True
Is 39 a factor of 322548200?
False
Is 490 a factor of 129008873?
False
Does 150 divide 850591229?
False
Is 15847673 a multiple of 7?
False
Does 52 divide 5223088?
True
Does 361 divide 280529475?
False
Does 164 divide 1935312668?
True
Does 9 divide 890342754?
False
Does 487 divide 159207605?
True
Is 2889790080 a multiple of 12?
True
Is 354 a factor of 19488331?
False
Is 1500 a factor of 557631809?
False
Is 10564 a factor of 2139820858?
False
Is 48 a factor of 302864441?
False
Is 1102 a factor of 493367953?
False
Is 3567 a factor of 191663061?
False
Is 599 a factor of 92319297?
False
Does 22 divide 59470707?
False
Is 288084887 a multiple of 313?
True
Does 29 divide 694131978?
False
Is 21 a factor of 39015564?
True
Is 672128195 a multiple of 23?
True
Is 18403752 a multiple of 313?
False
Does 982 divide 22490199